 n be s(d). Let i(v) = -v - 12. Determine i(n).
-12
Suppose 0 = 202*z - 155*z + 752. Let v(n) = 5*n + 52. Give v(z).
-28
Let u be -7 + 0 - (-4)/(-4). Let w(n) be the first derivative of n**2 + 13*n - 1225. Calculate w(u).
-3
Let a be ((-70)/16)/(-7)*8 + 1*11. Let v be ((-20)/1)/(1 + -2). Suppose -6*b + v = -a. Let n(d) = -d**3 + 8*d**2 - 10*d + 6. Calculate n(b).
18
Let i be 210/50*(-30)/(-14). Let n(t) = 10*t**2 - 88*t - 11. Calculate n(i).
7
Suppose 4*q + 3*h - 23 = 0, 7*q - 5*h + 21 = 5*q. Let x(d) = -801*d - 3*d**2 + 4*d**2 + 802*d + q. Let k = -3 + 3. Give x(k).
2
Let l(w) = -w**2 + 16*w + 13. Let m = -2545 + 2561. What is l(m)?
13
Let c(f) = -304*f**2 - 32*f - 32. Let d(x) = -60*x**2 - 6*x - 6. Let a(n) = 2*c(n) - 11*d(n). What is a(-1)?
52
Let r be (-4 + 1)/(8*2/32*-2). Let h(w) = -w**3 + 2*w**2 - 5*w + 14. What is h(r)?
-10
Suppose 2426*n - 50 = 2422*n - 5*k, 5*n = 3*k + 7. Let o(w) = w**2 - 9*w + 18. What is o(n)?
-2
Let s(h) = -12*h - 1. Let v be ((-56)/(-12) + -4)*(-9)/2. Let f(t) = -22*t - 2. Let m(c) = v*f(c) + 5*s(c). Let w be 14/6 - (-3)/(-9). Give m(w).
13
Let t(d) = d**2 + 2*d + 3. Let p be t(-5). Let s be 31/(-7) + p/42. Let f(u) = 20*u**2 - 30*u**2 + 9*u**2 + 2 - 2*u. Give f(s).
-6
Let y(s) be the second derivative of 3*s**5/10 + s**4/12 - s**3/3 - 36*s - 9. Give y(1).
5
Let i(q) = q**3 - 15*q**2 + 15*q - 21. Let h(s) = 2*s + 14. Let g(a) = -5*a + 80. Let l be g(16). Let v be h(l). Give i(v).
-7
Let s(v) be the second derivative of 2 - 2*v**2 - 1/2*v**3 + 73*v. Give s(-8).
20
Let w(m) = 38*m**2 - 8*m - 31. Let d(b) = 27*b**2 - 6*b - 20. Let r(x) = 7*d(x) - 5*w(x). What is r(-4)?
7
Let g(y) = y**3 + 6*y**2 - 5*y + 2. Let t(h) = -h**3 + 11*h**2 - 6*h + 6. Let p = -23 - -33. Let i be t(p). Let k = i - 53. Give g(k).
-12
Let d(f) = -422 + 776 + 0*f - 385 + 2*f. What is d(10)?
-11
Let j(a) = -a + 17. Let q = -2187 + 3116. Let f = q - 917. What is j(f)?
5
Let v(d) = -73*d + 9. Let b(g) = -207*g + 28. Let h(s) = 6*b(s) - 17*v(s). Suppose -r - 5*n = 16, r + n - 2*n = 14. What is h(r)?
6
Suppose -11*y = -9*y + 8. Let v(c) = 5*c**2 + 46*c - 26*c - 26*c + c**3 - 2*c**2 - 1. Calculate v(y).
7
Let p(m) = 3*m**3 - 131*m**2 - 48*m + 155. Let l be p(44). Let o(q) = -q**2 - 24*q - 34. Give o(l).
29
Let d(x) = -2*x. Let o(g) = 8*g + g**3 - 5 + 15*g**2 - 4*g**2 - 1. Let h be o(-10). Suppose k + 12 - h = 0. What is d(k)?
-4
Let h(l) = 9*l - 8. Let w(o) = 10*o + 3. Let s(b) = h(b) - w(b). Calculate s(6).
-17
Let o(m) = m**2 + 6*m + 5. Suppose -3*i - 3*k + 774 = 0, -234 = -i + 3*k + 2*k. Suppose i = 4*n - 2*r, 3*n - 41 = 2*r + 147. Let u = -70 + n. Determine o(u).
-3
Let z(w) = 2*w - 561 + 607 + 3*w. Let n be z(-10). Let o(v) = v**2 + 2*v. Give o(n).
8
Suppose 5*t - 6*t - 5 = 0. Let h(a) be the third derivative of -1/60*a**5 + 0*a - a**2 + 30 + 0*a**3 - 1/8*a**4. Determine h(t).
-10
Suppose -18 = -5*s - t, -5*t - 12 = -4*s + 14. Let r(x) = 37 + x**2 - 75 - 7*x + 39. Calculate r(s).
-11
Let h(p) = -3 + 2 - 3*p + 13*p. Let z be h(2). Let t(u) = -1 - 15*u - u**2 - z*u + 30*u. Determine t(-4).
-1
Suppose -43 = 3*s + 6*p - 8*p, 0 = 2*p + 2. Let a(h) = -6*h - 88. Let q be a(s). Let w(o) = 5 - o**2 + 2*o**2 - 4 - o**3 - o + 0*o. What is w(q)?
-5
Let s(y) = 2*y**3 + y**2 + 2*y + 1. Suppose 124 = 10*u - 76. Suppose u = 4*h, 4*f - 2*h + 7*h = 21. Give s(f).
-2
Let o(g) = 3*g**2 - 6*g + g**3 - 2 + g**2 + g. Suppose -16 = -469*a + 461*a. Let h be (5/a)/(1/(-2)). Give o(h).
-2
Let h(r) be the second derivative of r**5/20 - 7*r**4/12 - r**3/2 + 5*r**2/2 - 60*r + 5. Determine h(7).
-16
Suppose -13 = 4*n - 2*a - 87, 0 = -3*n + 5*a + 45. Let y = 1050 + -1025. Let d = y - n. Let p(x) = -x**2 + 6*x + 1. Calculate p(d).
6
Suppose 4*z + 8*u - 10*u = 28, -4 = -2*u. Let s(c) be the second derivative of z*c + 1/12*c**4 + 5/2*c**2 - 3/2*c**3 + 0. Determine s(6).
-13
Let d be -17 + 10/6*(-696)/(-290). Let f(b) = -b**2 - 19*b - 82. Determine f(d).
-4
Let w(q) = -41*q**3 - 3*q**2 - 3. Let y(o) = -532*o**3 - 38*o**2 - 38. Let p(v) = 38*w(v) - 3*y(v). Let j be (-17)/(5 + -124) - 18/(-21). What is p(j)?
38
Let k(y) = -145*y - 18. Let h(g) = 73*g + 8. Let o(a) = 13*h(a) + 6*k(a). What is o(2)?
154
Suppose 16*x - 63 = -15. Let y(w) = -906*w**3 + w + 2*w**2 + 905*w**3 + w. Calculate y(x).
-3
Let j(k) = -17*k + 14. Let n(t) = 67*t - 60. Let q(a) = 9*j(a) + 2*n(a). Let r(f) = -12*f + 4. Let o(y) = -5*q(y) + 8*r(y). Determine o(3).
-1
Let c be -294 + 289 - (1 - 3*3). Suppose -n = -m - 2, -3*m - 4 = -2*n - 8*m. Let l(t) = -2*t - 23*t**c + 22*t**3 - 3*t**n + 4*t - 1. Determine l(-3).
-7
Suppose 2*i - 2 + 8 = -l, 5*l - 3*i = 22. Let a(j) = -12*j**2 + 4*j**2 - j**l + 10*j**2 + 1 - 6*j. Give a(6).
1
Let u(t) = t - 7. Let i be u(6). Suppose -3*n - 138 = -9*n. Let j(g) = 1 + n*g + 26*g + 28*g - 94*g + 27*g. Determine j(i).
-9
Let j(y) be the second derivative of -7*y**3/3 + y**2 - 18*y + 1. What is j(-1)?
16
Let m(f) = 3*f - 3. Let l be 1*(4/(-34) + (-138)/(-17)). Let n = l - 9. Give m(n).
-6
Let c(x) = -x. Let o = -234 + 234. Let n = -2 + -3. Let p be -10 - (n - (o - 1)). Give c(p).
6
Suppose -4*v + 821 = v - i, -v = -4*i - 168. Let s be v/20 - 5/25. Let z(q) = -q**3 + 3*q**2 + 10 - 2*q**2 + 8*q**2 - 9*q. What is z(s)?
2
Let y be 0/(0 + 1) + 1. Let m(g) = -g**2 + 3*g - 7. Let r(o) = 8*o - 4*o + 12 - 35 + 14 - o**2. Let k(a) = -5*m(a) + 4*r(a). Give k(y).
1
Let k(h) = h**3 + 2. Suppose -4*j = -2*m + 2 - 8, -5*j + 8 = -2*m. Suppose -j*q - 3*q - 10 = 0. What is k(q)?
-6
Suppose 12 = -5*b - 3. Let s(y) = -y - 4. Let i(p) = -11*p - 13. Let c(q) = -i(q) + 3*s(q). Give c(b).
-23
Let k(h) = -921*h - 297 - 23 + 888*h + 17. Calculate k(-9).
-6
Let x(f) = -3*f**2 + 13*f + 1. Let z(j) = 1733*j - 10391. Let n be z(6). Determine x(n).
-55
Let n(l) = 15*l + 88. Let j be n(-6). Let c(s) = 3*s**2 - s - 6. Determine c(j).
8
Let d(v) = 4*v**2 + 218*v + 108. Suppose -9*c - 734 + 248 = 0. Calculate d(c).
0
Let n(t) = 6*t + 18 - 68 + 38 + 26. What is n(-5)?
-16
Let u(x) be the first derivative of x**4/4 + 34*x**3/3 + 48*x**2 + 7*x - 304. Give u(-3).
-2
Suppose -5*b - 17 = -m, -5*m - 424 = 4*b - 422. Let q(u) = -4*u**2 + 3*u + 2. Determine q(m).
-8
Suppose -5*j + 5*k - 20 = 0, j + 26*k = 22*k - 9. Let z(g) = -4*g**2 - g**3 + 4*g + 2*g - g + 2. Calculate z(j).
2
Let x(r) = -r. Suppose 3*a - 3 = 4*j, 5*j + 4*a - 4 = 2*j. Let q be -1 - j*(-4)/(-16). Let l(u) = -5. Let c(k) = q*l(k) + x(k). Calculate c(6).
-1
Let h(f) be the second derivative of -f**6/120 - 7*f**5/60 - f**4/24 - 5*f**3/6 - 85*f**2/2 + 121*f. Let u(s) be the first derivative of h(s). Give u(-6).
-35
Let s(b) be the second derivative of b**8/6720 + b**7/2520 - b**6/360 + b**5/120 - 8*b**4 + b + 69. Let i(n) be the third derivative of s(n). Give i(-2).
1
Suppose 6 = 2*y - 16. Suppose -5*c = -c + a - y, 0 = -2*c + a + 1. Let t(l) = -18*l**2 - 9*l + 2*l + 19*l**c - 11. Calculate t(8).
-3
Let z be 237/(-9) - 2/(-6). Let f = z - -31. Let b(p) be the first derivative of -p**3/3 + 3*p**2/2 - p + 9. What is b(f)?
-11
Let h(y) = -3*y - 1. Let l be h(2). Let w(g) be the second derivative of 5*g**3/6 + 3*g**2 + 2216*g - 2. Give w(l).
-29
Let z be -3 - 14*(-2)/4. Suppose 15 = 4*x - 3*w, -3*w - 33 = -z*x - 6*w. Let j(v) = 5*v - 6. What is j(x)?
24
Let f(l) = 1. Let w(a) = 2*a + 2. Let v(p) = -4*f(p) + w(p). Suppose -3 = -4*c - 5*i + 1, 0 = -i. Let k be (1 - (-2 - 1))/(c - 0). Give v(k).
6
Let x(o) be the first derivative of -o**4/4 - 2*o**3 - 5*o**2/2 + o - 4. Suppose 0 = -y - 5*p - 5 + 16, 2*y = -p - 5. Determine x(y).
-11
Let x(b) = b**3 - 2*b**2 - b + 1. Let d(u) = 11*u + 29. Let z be d(-6). Let t = z + 35. Let h be (t + -1)/9*-3. Calculate x(h).
-1
Let r(s) be the first derivative of 0*s + 1/3*s**3 + 1/90*s**6 - 1/24*s**4 + 19 + 0*s**2 + 0*s**5. Let v(x) be the third derivative of r(x). Calculate v(-1).
3
Let l(j) be the third derivative of -j**5/60 - 5*j**4/12 + j**3/6 + 3*j**2 - 121. Let r be 3/(-3) + -15 + 4. Calculate l(r).
-23
Let q(o) = 5*o - 6. Let m(c) = -9*c + 13. Let f be (30/4)/(4/(-8)). Let t be 9 - -5*6/f. Let x(i) = t*q(i) + 4*m(i). Determine x(7).
3
Let s(c) = c**3 - 7*c**2 - c + 12. Suppose -5*k - 5*m - 15 = 0, 21*k = 26*k - 5*m - 65. Determine s(k).
-43
Let n = 382 - 389. Let r(b) = 2*b**2 + 11*b + 29. Let j(l) = l**2 + 4*l + 14. Let u(t